mainder when 2055 is divided by 24.
15
What is the remainder when 643 is divided by 15?
13
Calculate the remainder when 179 is divided by 36.
35
What is the remainder when 439 is divided by 14?
5
Calculate the remainder when 73 is divided by 27.
19
What is the remainder when 892 is divided by 4?
0
What is the remainder when 103 is divided by 72?
31
What is the remainder when 40078 is divided by 40?
38
What is the remainder when 383 is divided by 49?
40
Calculate the remainder when 989 is divided by 260.
209
What is the remainder when 15791 is divided by 53?
50
What is the remainder when 53 is divided by 32?
21
What is the remainder when 2414 is divided by 48?
14
Calculate the remainder when 246 is divided by 50.
46
What is the remainder when 447 is divided by 99?
51
What is the remainder when 197 is divided by 55?
32
Calculate the remainder when 218 is divided by 7.
1
What is the remainder when 3937 is divided by 219?
214
What is the remainder when 3521 is divided by 38?
25
What is the remainder when 519 is divided by 30?
9
What is the remainder when 817 is divided by 164?
161
What is the remainder when 89 is divided by 20?
9
Calculate the remainder when 16377 is divided by 14.
11
Calculate the remainder when 46 is divided by 17.
12
Calculate the remainder when 110 is divided by 66.
44
What is the remainder when 35 is divided by 10?
5
Calculate the remainder when 82 is divided by 6.
4
Calculate the remainder when 234 is divided by 99.
36
Calculate the remainder when 21837 is divided by 130.
127
Calculate the remainder when 2721 is divided by 78.
69
Calculate the remainder when 394 is divided by 53.
23
What is the remainder when 116 is divided by 4?
0
What is the remainder when 13583 is divided by 13?
11
Calculate the remainder when 9897 is divided by 60.
57
Calculate the remainder when 951 is divided by 117.
15
Calculate the remainder when 114 is divided by 29.
27
Calculate the remainder when 2811 is divided by 934.
9
Calculate the remainder when 17 is divided by 7.
3
Calculate the remainder when 48 is divided by 4.
0
Calculate the remainder when 1843 is divided by 607.
22
What is the remainder when 63 is divided by 5?
3
Calculate the remainder when 1101 is divided by 48.
45
What is the remainder when 155 is divided by 32?
27
What is the remainder when 291 is divided by 74?
69
Calculate the remainder when 15285 is divided by 22.
17
What is the remainder when 114 is divided by 73?
41
Calculate the remainder when 4120 is divided by 15.
10
What is the remainder when 213 is divided by 13?
5
What is the remainder when 516 is divided by 33?
21
What is the remainder when 2302 is divided by 32?
30
What is the remainder when 2519 is divided by 90?
89
What is the remainder when 185 is divided by 21?
17
What is the remainder when 224 is divided by 47?
36
Calculate the remainder when 46 is divided by 10.
6
Calculate the remainder when 2054 is divided by 44.
30
What is the remainder when 593 is divided by 119?
117
What is the remainder when 2021 is divided by 977?
67
What is the remainder when 191 is divided by 37?
6
What is the remainder when 549 is divided by 27?
9
What is the remainder when 36 is divided by 11?
3
What is the remainder when 4263 is divided by 1065?
3
What is the remainder when 5198 is divided by 104?
102
What is the remainder when 798 is divided by 20?
18
Calculate the remainder when 123 is divided by 12.
3
What is the remainder when 906 is divided by 296?
18
Calculate the remainder when 210 is divided by 102.
6
Calculate the remainder when 1242 is divided by 207.
0
What is the remainder when 122 is divided by 56?
10
Calculate the remainder when 508 is divided by 51.
49
Calculate the remainder when 683 is divided by 668.
15
Calculate the remainder when 515 is divided by 42.
11
Calculate the remainder when 14125 is divided by 3530.
5
What is the remainder when 1538 is divided by 154?
152
Calculate the remainder when 13981 is divided by 32.
29
Calculate the remainder when 57 is divided by 33.
24
Calculate the remainder when 124 is divided by 33.
25
Calculate the remainder when 477 is divided by 15.
12
What is the remainder when 134 is divided by 46?
42
Calculate the remainder when 6898 is divided by 103.
100
What is the remainder when 55 is divided by 34?
21
What is the remainder when 650 is divided by 190?
80
Calculate the remainder when 83 is divided by 69.
14
Calculate the remainder when 131 is divided by 68.
63
What is the remainder when 500 is divided by 124?
4
What is the remainder when 162 is divided by 44?
30
Calculate the remainder when 879 is divided by 58.
9
Calculate the remainder when 263 is divided by 12.
11
What is the remainder when 79 is divided by 16?
15
Calculate the remainder when 95 is divided by 25.
20
Calculate the remainder when 757 is divided by 69.
67
What is the remainder when 9982 is divided by 48?
46
What is the remainder when 1602 is divided by 96?
66
What is the remainder when 136 is divided by 41?
13
What is the remainder when 1933 is divided by 10?
3
What is the remainder when 1648 is divided by 185?
168
Calculate the remainder when 336 is divided by 327.
9
Calculate the remainder when 835 is divided by 9.
7
What is the remainder when 266 is divided by 13?
6
Calculate the remainder when 90 is divided by 24.
18
What is the remainder when 680 is divided by 61?
9
Calculate the remainder when 1344 is divided by 671.
2
Calculate the remainder when 228 is divided by 54.
12
Calculate the remainder when 236 is divided by 15.
11
What is the remainder when 176 is divided by 39?
20
What is the remainder when 583 is divided by 5?
3
Calculate the remainder when 1240 is divided by 18.
16
Calculate the remainder when 8 is divided by 3.
2
What is the remainder when 5199 is divided by 51?
48
Calculate the remainder when 239 is divided by 121.
118
Calculate the remainder when 44 is divided by 24.
20
What is the remainder when 1107 is divided by 269?
31
What is the remainder when 1000 is divided by 90?
10
What is the remainder when 1327 is divided by 32?
15
What is the remainder when 1019 is divided by 94?
79
What is the remainder when 152 is divided by 6?
2
What is the remainder when 260 is divided by 92?
76
What is the remainder when 1407 is divided by 6?
3
Calculate the remainder when 965 is divided by 14.
13
Calculate the remainder when 401 is divided by 13.
11
What is the remainder when 7970 is divided by 17?
14
What is the remainder when 414 is divided by 104?
102
What is the remainder when 214 is divided by 25?
14
Calculate the remainder when 54 is divided by 19.
16
What is the remainder when 195 is divided by 36?
15
What is the remainder when 2548 is divided by 59?
11
What is the remainder when 868 is divided by 187?
120
What is the remainder when 12 is divided by 7?
5
Calculate the remainder when 1523 is divided by 30.
23
What is the remainder when 182 is divided by 21?
14
Calculate the remainder when 525 is divided by 108.
93
What is the remainder when 614 is divided by 41?
40
Calculate the remainder when 94 is divided by 19.
18
Calculate the remainder when 153 is divided by 51.
0
What is the remainder when 2126 is divided by 76?
74
What is the remainder when 2 is divided by 1?
0
Calculate the remainder when 2034 is divided by 120.
114
Calculate the remainder when 102 is divided by 35.
32
What is the remainder when 214 is divided by 24?
22
What is the remainder when 458 is divided by 9?
8
What is the remainder when 4631 is divided by 771?
5
What is the remainder when 150 is divided by 40?
30
Calculate the remainder when 627 is divided by 70.
67
Calculate the remainder when 21 is divided by 15.
6
What is the remainder when 420 is divided by 106?
102
What is the remainder when 2621 is divided by 57?
56
What is the remainder when 229 is divided by 60?
49
Calculate the remainder when 285 is divided by 18.
15
What is the remainder when 463 is divided by 12?
7
Calculate the remainder when 439 is divided by 16.
7
Calculate the remainder when 42 is divided by 25.
17
What is the remainder when 34 is divided by 7?
6
Calculate the remainder when 419 is divided by 63.
41
Calculate the remainder when 56 is divided by 22.
12
What is the remainder when 99 is divided by 39?
21
What is the remainder when 1673 is divided by 31?
